te s(8).
-3
Let z(h) = h + 14. Let k be z(-10). Suppose k*p - 8*p = -4. Let i(a) = -6*a. Let v be i(p). Let b(g) = -g**2 - 7*g - 9. What is b(v)?
-3
Suppose 7*u - 4*u = 15. Suppose 4*t + x + 4 = 17, -3*t + x = -8. Suppose -m + t = u. Let h(l) = -l**2 - 6*l - 3. Give h(m).
5
Let v(t) = -t**2 - 4*t + 5. Let r = -6 - -9. Suppose -r*l - 5 = 10. Calculate v(l).
0
Let p(q) = -9*q + 13 - 8 - 11 - q**2. Determine p(-8).
2
Let c(y) = y**3 - 11*y**2 + 11*y - 8. Let v be c(10). Let x(i) be the second derivative of -i + 0 - 1/20*i**5 + 0*i**4 + 1/3*i**3 - i**2. Determine x(v).
-6
Let x(d) = d - d**3 + 279 + 2*d - 4*d**2 - 273. Suppose 0*v - 8 = -4*v. Suppose -16 = 3*y - 0*k - v*k, -2*y - 4*k = 0. What is x(y)?
-6
Suppose -2*p + 12 = -0. Suppose -10 = j - 3*h, 0 = 5*j - 0*j - 4*h + p. Let w(n) = -n**j + 0*n**2 - 3*n + n. What is w(2)?
-8
Suppose -3*a = -1 - 5. Let d(k) = k**2 - 5*k**a + 3*k**2 - 6*k. Give d(-3).
9
Let h(j) = j - 1. Let q be (-2)/(-6) - 40/(-6). Determine h(q).
6
Let t(i) = 1 - 31*i - 2*i**2 - 24*i + 51*i. Give t(-4).
-15
Let v(m) = 3*m - 1. Suppose 3*s - 4*s + 3 = 0. Suppose -d = -s*d. Suppose 4*o + 0*o - 4 = d. Determine v(o).
2
Let c(w) = 3*w**3 - 9*w**2 + 8*w + 4. Let r(m) = -8*m**3 + 26*m**2 - 23*m - 12. Let u(b) = 11*c(b) + 4*r(b). Give u(-5).
16
Let b(f) = f**3 - 6*f**2 - 7*f. Let t be 1 - (-11)/((-22)/(-12)). What is b(t)?
0
Suppose 4*q = -4*d, -9 + 1 = 4*q + 2*d. Let b be (q/3)/((-2)/3). Let t(v) = -v**3 + v**2 - v + 2. What is t(b)?
-4
Let d(t) be the third derivative of -t**4/8 + t**3/6 - t**2. What is d(1)?
-2
Suppose n = 2*h - 0*h - 5, 0 = h. Let u(a) = -4*a**2 + 0*a**2 + 4 + 4*a - 4 - a**3 + 3. Calculate u(n).
8
Let k(s) = s + 3. Let n be ((-2)/(-5))/((-4)/40). Calculate k(n).
-1
Let q(k) = -k - 5. Let t be q(-4). Let f = 2 - t. Let g(l) = l - l**3 - 3*l**2 + 6*l**2 + 0*l**f - 3. Calculate g(3).
0
Let w(g) = 2*g - 18 - 2*g + 16 + g. What is w(4)?
2
Let m(d) be the third derivative of -1/2*d**3 - 2*d**2 + 0*d - 1/24*d**4 + 0. Let n = 1 + -1. Determine m(n).
-3
Let b be 0/(3 - 1) - -2. Let q(x) = 5*x**2 + 18*x**3 - 17*x**3 + b - 7. Suppose -2*w + 2*c - 8 = 4*c, 4*w + 16 = 5*c. Give q(w).
11
Let v(w) be the second derivative of w**3/6 - 2*w**2 - w. Suppose -n + 9 = 2*b - 3*b, -4 = 2*b. Suppose 3*t - n = 2. Calculate v(t).
-1
Let d(n) = 9*n**3 - 4*n**2 - 5*n + 7. Let g(o) = -5*o**3 + 2*o**2 + 3*o - 4. Let r(m) = 4*d(m) + 7*g(m). Give r(2).
2
Let n(x) = -x**2 + 7*x - 6. Suppose 9 = 3*u - 9. What is n(u)?
0
Suppose -5*u + 12 = -u. Suppose -u*r + b + 16 = 0, -r + 5*b + 20 = 2*r. Let f(t) = t**3 - 4*t**2 - 5*t + 6. What is f(r)?
6
Let b = -20 - -24. Let p(q) be the third derivative of 0 - 1/12*q**4 + 0*q - 3*q**2 + q**3. Determine p(b).
-2
Let l = -5 - -7. Let b = 4 - l. Let z(v) = v**3 + 2*v**2 - 3*v. Let a(q) = q**3 - q. Let o(w) = -2*a(w) + z(w). What is o(b)?
-2
Let d = 1 - -4. Let w(y) be the third derivative of -y**5/60 + y**4/4 - y**3/3 + 17*y**2. Calculate w(d).
3
Let m(c) = c**2 - 8*c + 7. Let v = 19 + -16. Suppose v*i - 6 = 0, -4*q = -3*q + 5*i - 15. Determine m(q).
-8
Let p(t) = 3*t + 2. Let r = 18 + -15. Suppose -3*a = -s + 9, 3*a = -0*s + r*s - 3. What is p(a)?
-10
Let z(a) = a**2 + 4*a. Let j(h) = -h + 19. Let d be j(23). Determine z(d).
0
Let c(l) = 4 + l**3 - 5 + 0. Determine c(-1).
-2
Let q(i) = -i + 5*i**3 - i**2 - 2*i + 4*i. Let s be q(1). Let x(g) = -g**3 + 4*g**2 + 7*g - 7. Calculate x(s).
3
Let x(i) = 1 - 1 - 2*i. Suppose -2*a + 91 = 5*a. Let r = a - 15. Determine x(r).
4
Let x(d) = -d**2 + 6*d - 5. Let r be x(5). Suppose r*a - 2*a + 2 = 0. Let p be (a + -2)*0/(-2). Let o(u) = -u**3 - u**2 - u + 5. Calculate o(p).
5
Let x = 12 - 10. Let f(l) = 3*l**2 - l - 7*l**3 + 7 - 6 - x*l**2. Calculate f(1).
-6
Let f(a) = 6*a - 3. Let c be 0 + (-6)/(-1) - 4. Give f(c).
9
Suppose -5*k + 33 = -4*w, -k = -w - 6 - 1. Suppose 0 = -k*i + 11 - 1. Let n(s) = -s**2 - 3*s**2 + 2*s + s**3 + 2*s**2. Give n(i).
4
Let j(l) be the second derivative of -1/12*l**4 + 0 - 2/3*l**3 + 2*l - l**2. Determine j(-4).
-2
Let i be ((-24)/8)/((-3)/7). Let q(h) = -h**2 + 7*h + 7. Give q(i).
7
Let s(p) = -2*p - 4. Let r(m) = 7*m + 17. Let x(l) = 2*r(l) + 9*s(l). Determine x(-2).
6
Let n(q) be the third derivative of -q**6/360 - q**5/30 + q**4/8 + 8*q**2. Let x(h) be the second derivative of n(h). Give x(-5).
6
Suppose -r + i = -11, 2*r - i = 3*r - 1. Let z(l) = l - 4. Let w be z(r). Let m(a) be the second derivative of -a**4/12 + 2*a**3/3 - 3*a**2/2 + 3*a. Give m(w).
1
Let s(t) = 4*t. Let o(p) = 3*p. Let u(z) = 6*o(z) - 5*s(z). Let g(m) = m. Let a be g(6). Suppose -3*l - 6 = a. What is u(l)?
8
Let v(o) be the third derivative of o**6/120 + o**5/12 + o**3/6 + 25*o**2. Calculate v(-4).
17
Let a = -36 + 42. Let z(s) = 3*s - 6. Determine z(a).
12
Let q be (-201)/(-69) - (-6)/69. Let p(a) be the second derivative of -2*a**2 + 0 + 1/12*a**4 + 0*a**3 - a. Give p(q).
5
Suppose -4*x + 3*x + 1 = 0. Let d(k) = 5 + 2 - 16*k - x + 17*k. Determine d(-5).
1
Let n = -2 - -3. Let k(s) = -8*s - 7. Let m(h) = -12*h - 10. Let o(a) = -7*k(a) + 5*m(a). Determine o(n).
-5
Let j(w) be the first derivative of w**4/4 + 2*w**3/3 - 2. Let l be 6/1*(-1)/(-3). Suppose -b - 2 = -l*n, -4*n - 6 = 3*b - 0*n. What is j(b)?
0
Let w(v) = v**3 + v + 3. Suppose 3*d + 12 = -2*z - z, -26 = -z + 5*d. Suppose -m - z - 2 = 0. Let c = m + 3. Give w(c).
3
Let n(z) = z**3 + 6*z**2 - 5*z + 10. Let d be n(-7). Let a(p) = -3*p - 4. Let u(j) = -j**2 - j - 1. Let c(o) = a(o) + u(o). Give c(d).
-5
Let k be (-6)/(-9)*18/4. Let m = k + 1. Suppose 5*b = -5*i + 35, 2*b - m = 4. Let h(n) = n**3 - 2*n**2 - 3*n - 4. Give h(i).
-4
Let l(d) = 2*d**2 - d**2 + 0 + 4 - 2*d - 1. Suppose 2*r = 6*r - m - 7, 3 = -r + 5*m. What is l(r)?
3
Let d be (-1)/5 + 70/(-25). Let h(k) = 2*k**2 - k - 2. Let t(c) = -c**2. Let r(p) = h(p) + 3*t(p). What is r(d)?
-8
Let q(j) = -j**3 + 8*j**2 - 7*j - 3. Let y be (-1)/(((-3)/(-21))/(-1)). Calculate q(y).
-3
Suppose -z - 3*b = -5, z = -b + 15 - 0. Suppose -6*h = -h - z. Suppose h*v - 15 = 5. Let m(o) = -o**2 + 4*o + 2. What is m(v)?
-3
Let i(w) = w**2 + 9*w - 11. Let g be i(-9). Let k = -22 + 15. Let v = g - k. Let f(a) = a**2 + 5*a + 5. Give f(v).
1
Let l be 103/(-15) + 2 - 6/45. Let i(y) = y**3 + 4*y**2 - 8*y - 6. Give i(l).
9
Let v(c) = -c**3 + c**2 + 2*c - 1. Suppose 2 = l + 4. Calculate v(l).
7
Let h(o) = o**2 - 27*o - 3 + 11*o + 18*o. Give h(-3).
0
Let k(c) be the first derivative of -c**4/12 - 2*c**3/3 + 3*c**2 - 6. Let n(q) be the second derivative of k(q). Give n(-5).
6
Let c(y) be the second derivative of -y**5/20 + y**4/3 - y**3/2 + 5*y**2/2 - y. Calculate c(4).
-7
Let h(u) = 2*u. Let j be h(-1). Let m(o) = 232 + 4*o - 232. Let y(k) = -3*k. Let l(p) = 3*m(p) + 6*y(p). What is l(j)?
12
Let b(k) = k**2 - k - 1. Let y(p) be the second derivative of p**5/20 + p**4/4 + p**3 + p**2/2 - 2*p. Let t(s) = 2*b(s) + y(s). What is t(-4)?
-1
Suppose -2*z + 0 = 2*s + 12, 3*s - 2*z = 7. Let v(a) = 4*a**3 - 4*a - 2*a - 4 + 2*a + 1. Let w(c) = 5*c**3 - 5*c - 4. Let l(q) = 4*v(q) - 3*w(q). What is l(s)?
0
Suppose 0 = 4*g - 7 - 1. Let r(x) = 4*x**3 - 5*x**2 + 2. Let a(f) = -f**3 + f**2. Let u(l) = 5*a(l) + r(l). Calculate u(g).
-6
Let g(k) be the first derivative of k**2 - k + 127. Suppose 5*m + 2*u - 1 = 0, -5*m - 5*u + 0 = 5. Calculate g(m).
1
Let w = -19 - -22. Let x(n) = -n + 1. Determine x(w).
-2
Let r = -6 - -9. Let i(u) = u**2 - 4 - 4*u**2 + r. Suppose -4*t + 0 - 4 = 0. Calculate i(t).
-4
Let z = 2 - 0. Let u(c) = 4 - z - 1 - 6*c + c**2. Determine u(5).
-4
Suppose 4*a + 32 = -4*p, 2*p - p = 3*a + 28. Let y(q) = -q**2 - 9*q - 13. Calculate y(a).
-13
Let q(y) = -5*y - 6*y**2 + 11*y + y**3 - 3 + 6*y - 5*y. Give q(5).
7
Let n(y) = y**2 + 6*y - 3. Let h(q) = -5*q - 1. Let s(m) = -4*m - 1. Let c(p) = 5*h(p) - 6*s(p). Let l(j) = -2*c(j) - n(j). Calculate l(-3).
4
Let r(a) = 5*a + 1. Let i(j) = 3*j. Let z be i(-1). Let w = z - -4. What is r(w)?
6
Let f be 7/(-28) + (-15)/4. Suppose 0 = -4*r + 6 + 2. Let j(c) = -6*c**2 - c**3 + 0*c**3 + r*c**2 - 2*c. Give j(f).
8
Let x = 10 + -5. Let q(l) = 2 + x*l + 0 - 5*l**2 + 4*l**2 + 1. Determine q(4).
7
Let r be (18/8)/(3/(-8)). Let n(m) = -m**3 - 7*m**2 - 5*m + 4. Give n(r).
-2
Suppose -3*y - 3*d + 9 = 0, 5*d + 0*d = 4*y - 39. Let g(n) = -n**2 + 4*n + 8. 